git of 2675242?
4
What is the hundreds digit of 6559058?
0
What is the units digit of 632002?
2
What is the tens digit of 10700920?
2
What is the millions digit of 3232436?
3
What is the millions digit of 4594228?
4
What is the hundreds digit of 3321288?
2
What is the hundreds digit of 1006602?
6
What is the hundreds digit of 196561?
5
What is the ten thousands digit of 12593565?
9
What is the hundreds digit of 15259170?
1
What is the units digit of 364540?
0
What is the hundreds digit of 530679?
6
What is the units digit of 1221335?
5
What is the hundreds digit of 88278?
2
What is the millions digit of 17264188?
7
What is the ten thousands digit of 1035080?
3
What is the ten thousands digit of 6333741?
3
What is the millions digit of 16153460?
6
What is the hundreds digit of 7083879?
8
What is the ten thousands digit of 14935209?
3
What is the thousands digit of 5351952?
1
What is the tens digit of 379818?
1
What is the ten thousands digit of 352553?
5
What is the millions digit of 25916145?
5
What is the thousands digit of 1476258?
6
What is the hundred thousands digit of 1311113?
3
What is the hundreds digit of 14490?
4
What is the hundreds digit of 2650555?
5
What is the hundred thousands digit of 1867883?
8
What is the thousands digit of 11106728?
6
What is the thousands digit of 1627504?
7
What is the hundred thousands digit of 888769?
8
What is the hundreds digit of 35000906?
9
What is the hundred thousands digit of 155328?
1
What is the units digit of 3346604?
4
What is the hundreds digit of 117328?
3
What is the tens digit of 1712648?
4
What is the tens digit of 6915092?
9
What is the millions digit of 11006546?
1
What is the ten thousands digit of 2598766?
9
What is the ten thousands digit of 1182286?
8
What is the thousands digit of 701947?
1
What is the ten thousands digit of 817279?
1
What is the units digit of 4522?
2
What is the millions digit of 38276943?
8
What is the units digit of 229361?
1
What is the hundreds digit of 591971?
9
What is the tens digit of 342353?
5
What is the ten thousands digit of 348656?
4
What is the tens digit of 7394632?
3
What is the units digit of 6936400?
0
What is the hundreds digit of 4905645?
6
What is the tens digit of 4879?
7
What is the hundreds digit of 391830?
8
What is the ten thousands digit of 44726?
4
What is the tens digit of 1011895?
9
What is the hundreds digit of 720748?
7
What is the ten thousands digit of 682136?
8
What is the hundreds digit of 21141440?
4
What is the hundred thousands digit of 1088841?
0
What is the thousands digit of 1166287?
6
What is the tens digit of 370704?
0
What is the ten thousands digit of 6127362?
2
What is the hundreds digit of 149881?
8
What is the ten thousands digit of 1012485?
1
What is the thousands digit of 3917591?
7
What is the ten millions digit of 29055502?
2
What is the ten thousands digit of 6952625?
5
What is the ten millions digit of 12974831?
1
What is the hundred thousands digit of 1395181?
3
What is the thousands digit of 9159541?
9
What is the units digit of 3518038?
8
What is the hundred thousands digit of 534667?
5
What is the millions digit of 7387822?
7
What is the thousands digit of 352563?
2
What is the hundreds digit of 592163?
1
What is the hundred thousands digit of 3623135?
6
What is the hundreds digit of 73918?
9
What is the tens digit of 7488815?
1
What is the ten thousands digit of 14111923?
1
What is the units digit of 17723555?
5
What is the hundreds digit of 2059721?
7
What is the millions digit of 15470520?
5
What is the ten millions digit of 11534990?
1
What is the hundreds digit of 7007573?
5
What is the thousands digit of 1905298?
5
What is the units digit of 742169?
9
What is the ten thousands digit of 4778015?
7
What is the units digit of 63724?
4
What is the thousands digit of 1287315?
7
What is the units digit of 1447433?
3
What is the ten thousands digit of 2891386?
9
What is the tens digit of 14194517?
1
What is the millions digit of 16602159?
6
What is the hundred thousands digit of 16632788?
6
What is the hundreds digit of 4092473?
4
What is the ten thousands digit of 7670999?
7
What is the hundreds digit of 20533618?
6
What is the units digit of 924221?
1
What is the hundreds digit of 34680?
6
What is the ten thousands digit of 127017?
2
What is the ten thousands digit of 747932?
4
What is the hundreds digit of 1410249?
2
What is the millions digit of 1086212?
1
What is the tens digit of 33183312?
1
What is the hundred thousands digit of 1873317?
8
What is the ten thousands digit of 12402347?
0
What is the hundred thousands digit of 10216712?
2
What is the hundred thousands digit of 6194689?
1
What is the hundreds digit of 352334?
3
What is the thousands digit of 1918713?
8
What is the ten thousands digit of 8811221?
1
What is the thousands digit of 367465?
7
What is the tens digit of 1230690?
9
What is the hundred thousands digit of 144379?
1
What is the units digit of 266017?
7
What is the units digit of 640435?
5
What is the thousands digit of 29345285?
5
What is the hundreds digit of 14514?
5
What is the hundred thousands digit of 889419?
8
What is the thousands digit of 10483056?
3
What is the units digit of 493940?
0
What is the millions digit of 1618085?
1
What is the hundreds digit of 341800?
8
What is the millions digit of 5445905?
5
What is the thousands digit of 3333658?
3
What is the hundred thousands digit of 290134?
2
What is the thousands digit of 190394?
0
What is the thousands digit of 320926?
0
What is the thousands digit of 1885641?
5
What is the tens digit of 3607814?
1
What is the thousands digit of 15776932?
6
What is the millions digit of 10781528?
0
What is the units digit of 333987?
7
What is the units digit of 1511095?
5
What is the units digit of 618573?
3
What is the units digit of 1024084?
4
What is the units digit of 6015?
5
What is the ten thousands digit of 198720?
9
What is the tens digit of 10223566?
6
What is the units digit of 379999?
9
What is the ten thousands digit of 447034?
4
What is the thousands digit of 592205?
2
What is the tens digit of 9818?
1
What is the units digit of 668730?
0
What is the units digit of 134375?
5
What is the hundreds digit of 5460992?
9
What is the tens digit of 7398?
9
What is the hundred thousands digit of 520414?
5
What is the hundred thousands digit of 6710138?
7
What is the tens digit of 948384?
8
What is the ten thousands digit of 608567?
0
What is the millions digit of 3512570?
3
What is the hundred thousands digit of 18324403?
3
What is the hundred thousands digit of 1484896?
4
What is the hundreds digit of 150703?
7
What is the hundred thousands digit of 2680943?
6
What is the hundreds digit of 1421256?
2
What is the ten millions digit of 16013895?
1
What is the ten thousands digit of 20121447?
2
What is the millions digit of 7334174?
7
What is the tens digit of 267361?
6
What is the thousands digit of 368501?
8
What is the units digit of 14139556?
6
What is the tens digit of 87729?
2
What is the tens digit of 23430369?
6
What is the units digit of 4182293?
3
What is the thousands digit of 229770?
9
What is the tens digit of 2339250?
5
What is the hundreds digit of 3778?
7
What is the hundreds digit of 2064124?
1
What is the tens digit of 2110498?
9
What is the units digit of 226379?
9
What is the ten thousands digit of 70913?
7
What is the millions digit of 3628423?
3
What is the hundreds digit of 1108820?
8
What is the millions digit of 3375056?
3
What is the tens digit of 1568893?
9
What is the thousands digit of 6736189?
6
What is the tens digit of 282814?
1
What is the hundred thousands digit of 3989538?
9
What is the ten thousands digit of 282399?
8
What is the units digit of 3517477?
7
What is the ten thousands digit of 86707?
8
What is the tens digit of 228162?
6
What is the hundreds digit of 33776016?
0
What is the ten millions digit of 23246559?
2
What is the hundred thousands digit of 4932118?
9
What is the ten thousands digit of 783455?
8
What is the thousands digit of 101297?
1
What is the units digit of 432644?
4
What is the millions digit of 26243959?
6
What is the thousands digit of 738365?
8
What is the hundred thousands digit of 183890?
1
What is the hundred thousands digit of 276212?
2
What is the hundred tho